{"id":309,"date":"2020-01-13T11:17:52","date_gmt":"2020-01-13T11:17:52","guid":{"rendered":"https:\/\/demosites.io\/web-agency-gb\/?page_id=5"},"modified":"2023-06-16T23:49:34","modified_gmt":"2023-06-17T02:49:34","slug":"15c42-web-agency-gb-home","status":"publish","type":"page","link":"https:\/\/securitybsides.com.br\/2023\/","title":{"rendered":"Home"},"content":{"rendered":"\t\t<div data-elementor-type=\"wp-page\" data-elementor-id=\"309\" class=\"elementor elementor-309\">\n\t\t\t\t\t\t<section class=\"elementor-section elementor-top-section elementor-element elementor-element-14910fdd elementor-section-boxed elementor-section-height-default elementor-section-height-default\" data-id=\"14910fdd\" data-element_type=\"section\" data-e-type=\"section\">\n\t\t\t\t\t\t<div class=\"elementor-container elementor-column-gap-default\">\n\t\t\t\t\t<div class=\"elementor-column elementor-col-100 elementor-top-column elementor-element elementor-element-612cde6e\" data-id=\"612cde6e\" data-element_type=\"column\" data-e-type=\"column\">\n\t\t\t<div class=\"elementor-widget-wrap elementor-element-populated\">\n\t\t\t\t\t\t<div class=\"elementor-element elementor-element-3f5f1f34 elementor-widget elementor-widget-text-editor\" data-id=\"3f5f1f34\" data-element_type=\"widget\" data-e-type=\"widget\" data-widget_type=\"text-editor.default\">\n\t\t\t\t<div class=\"elementor-widget-container\">\n\t\t\t\t\t\t\t\t\t<p><p><\/p>\n<\/p>\n<p><\/p>\n<h4 style=\"text-align: center;\"><strong><span style=\"color: red;\">ATEN\u00c7\u00c3O: Nova data e local &#8211; 24 e 25\/06\/2023 &#8211; <a href=\"https:\/\/securitybsides.com.br\/2023\/alteracao-da-data-do-evento\/\">Saiba mais<\/a>.<br><\/span><\/strong><div class=\"hurrytimer-cdt hurrytimer-cdt--390 hurrytimer-campaign hurryt-loading hurrytimer-campaign-390\" data-config=\"{&quot;id&quot;:390,&quot;run_in_background&quot;:false,&quot;sticky&quot;:false,&quot;product_ids&quot;:[],&quot;actions&quot;:[{&quot;id&quot;:6,&quot;redirectUrl&quot;:&quot;&quot;,&quot;message&quot;:&quot;\\u00c9 hojeeeeeeee&quot;,&quot;coupon&quot;:&quot;&quot;,&quot;wcStockStatus&quot;:&quot;instock&quot;}],&quot;template&quot;:&quot;&lt;div class=\\&quot;hurrytimer-timer-block hurrytimer-cdt__dur\\&quot;&gt;&lt;div class=\\&quot;hurrytimer-timer-digit hurrytimer-cdt__time\\&quot;&gt;%D&lt;\\\/div&gt;&lt;div class=\\&quot;hurrytimer-timer-label hurrytimer-cdt__label\\&quot; &gt;dias&lt;\\\/div&gt;&lt;\\\/div&gt;&lt;div class=\\&quot;hurrytimer-cdt__sep hurrytimer-timer-sep\\&quot;&gt;:&lt;\\\/div&gt;&lt;div class=\\&quot;hurrytimer-timer-block hurrytimer-cdt__dur\\&quot;&gt;&lt;div class=\\&quot;hurrytimer-timer-digit hurrytimer-cdt__time\\&quot;&gt;%H&lt;\\\/div&gt;&lt;div class=\\&quot;hurrytimer-timer-label hurrytimer-cdt__label\\&quot; &gt;hrs&lt;\\\/div&gt;&lt;\\\/div&gt;&lt;div class=\\&quot;hurrytimer-cdt__sep hurrytimer-timer-sep\\&quot;&gt;:&lt;\\\/div&gt;&lt;div class=\\&quot;hurrytimer-timer-block hurrytimer-cdt__dur\\&quot;&gt;&lt;div class=\\&quot;hurrytimer-timer-digit hurrytimer-cdt__time\\&quot;&gt;%M&lt;\\\/div&gt;&lt;div class=\\&quot;hurrytimer-timer-label hurrytimer-cdt__label\\&quot; &gt;mins&lt;\\\/div&gt;&lt;\\\/div&gt;&lt;div class=\\&quot;hurrytimer-cdt__sep hurrytimer-timer-sep\\&quot;&gt;:&lt;\\\/div&gt;&lt;div class=\\&quot;hurrytimer-timer-block hurrytimer-cdt__dur\\&quot;&gt;&lt;div class=\\&quot;hurrytimer-timer-digit hurrytimer-cdt__time\\&quot;&gt;%S&lt;\\\/div&gt;&lt;div class=\\&quot;hurrytimer-timer-label hurrytimer-cdt__label\\&quot; &gt;secs&lt;\\\/div&gt;&lt;\\\/div&gt;&quot;,&quot;methods&quot;:[1,2],&quot;mode&quot;:&quot;one_time&quot;,&quot;sticky_bar_hide_timeout&quot;:7,&quot;recurr&quot;:false,&quot;timeToNextRecurrence&quot;:0,&quot;isRegular&quot;:true,&quot;endDate&quot;:1687626000000}\" >\n<div class=\"hurrytimer-cdt__headline hurrytimer-headline\">Hurry Up!<\/div>\n<div class=\"hurrytimer-cdt__inner hurrytimer-timer\"><\/div>\n<\/div>\n<p><\/p>\n<\/h4>\n<p><\/p>\n<div class=\"wp-block-columns is-layout-flex wp-container-core-columns-is-layout-9d6595d7 wp-block-columns-is-layout-flex\">\n<p><\/p>\n<div class=\"wp-block-column is-layout-flow wp-block-column-is-layout-flow\">\n<p><div class=\"wp-block-image icon-style is-style-rounded\"><\/p>\n<figure class=\"aligncenter size-large\"><img decoding=\"async\" class=\"wp-image-20\" title=\"\" src=\"https:\/\/securitybsides.com.br\/2023\/wp-content\/uploads\/2020\/01\/neve-webdesign-GB-03.png\" alt=\"\"><\/figure>\n<p><\/div><\/p>\n<p><\/p>\n<h3 class=\"has-text-align-center has-neve-text-color-color has-text-color wp-block-heading\">Hacking Raiz<\/h3>\n<p><\/p>\n<p><\/p>\n<p class=\"has-text-align-center\">Sim, a Security BSides \u00e9 um evento que refor\u00e7a a cena hacking em sua raiz<\/p>\n<p><\/p>\n<p><\/p>\n<div class=\"wp-block-spacer\" style=\"height: 20px;\" aria-hidden=\"true\">&nbsp;<\/div>\n<p><\/p>\n<\/div>\n<p><\/p>\n<p><\/p>\n<div class=\"wp-block-column is-layout-flow wp-block-column-is-layout-flow\">\n<p><div class=\"wp-block-image icon-style is-style-rounded\"><\/p>\n<figure class=\"aligncenter size-large\"><img decoding=\"async\" class=\"wp-image-21\" src=\"https:\/\/securitybsides.com.br\/2023\/wp-content\/uploads\/2020\/01\/neve-webdesign-GB-04.png\" alt=\"\"><\/figure>\n<p><\/div><\/p>\n<p><\/p>\n<h3 class=\"has-text-align-center has-neve-text-color-color has-text-color wp-block-heading\">Valor inestim\u00e1vel<\/h3>\n<p><\/p>\n<p><\/p>\n<p class=\"has-text-align-center\">Mais do que conte\u00fado a Security BSides \u00e9 um grande ponto de networking de todos os n\u00edveis, de todas as categorias, basta explor\u00e1-los.<\/p>\n<p><\/p>\n<p><\/p>\n<div class=\"wp-block-spacer\" style=\"height: 20px;\" aria-hidden=\"true\">&nbsp;<\/div>\n<p><\/p>\n<\/div>\n<p><\/p>\n<p><\/p>\n<div class=\"wp-block-column is-layout-flow wp-block-column-is-layout-flow\">\n<p><div class=\"wp-block-image icon-style is-style-rounded\"><\/p>\n<figure class=\"aligncenter size-large\"><img decoding=\"async\" class=\"wp-image-18\" src=\"https:\/\/securitybsides.com.br\/2023\/wp-content\/uploads\/2020\/01\/neve-webdesign-GB-01.png\" alt=\"\"><\/figure>\n<p><\/div><\/p>\n<p><\/p>\n<h3 class=\"has-text-align-center has-neve-text-color-color has-text-color wp-block-heading\">Tem energia?<\/h3>\n<p><\/p>\n<p><\/p>\n<p class=\"has-text-align-center\">A Security BSides conta com diversas atividades paralelas, dentre palestras, oficinas, lighting talks, villages, m\u00fasica, churrasker, o consagrado Dog\u00e3o, bebida e muita divers\u00e3o e conhecimento<\/p>\n<p><\/p>\n<p><\/p>\n<div class=\"wp-block-spacer\" style=\"height: 20px;\" aria-hidden=\"true\">&nbsp;<\/div>\n<p><\/p>\n<\/div>\n<p><\/p>\n<\/div>\n<p><\/p>\n<p><\/p>\t\t\t\t\t\t\t\t<\/div>\n\t\t\t\t<\/div>\n\t\t\t\t\t<\/div>\n\t\t<\/div>\n\t\t\t\t\t<\/div>\n\t\t<\/section>\n\t\t\t\t<section class=\"elementor-section elementor-top-section elementor-element elementor-element-1be4edc elementor-section-boxed elementor-section-height-default elementor-section-height-default\" data-id=\"1be4edc\" data-element_type=\"section\" data-e-type=\"section\">\n\t\t\t\t\t\t<div class=\"elementor-container elementor-column-gap-default\">\n\t\t\t\t\t<div class=\"elementor-column elementor-col-100 elementor-top-column elementor-element elementor-element-5864033\" data-id=\"5864033\" data-element_type=\"column\" data-e-type=\"column\">\n\t\t\t<div class=\"elementor-widget-wrap elementor-element-populated\">\n\t\t\t\t\t\t<div class=\"elementor-element elementor-element-ded7270 animated-slow elementor-invisible elementor-widget elementor-widget-heading\" data-id=\"ded7270\" data-element_type=\"widget\" data-e-type=\"widget\" data-settings=\"{&quot;_animation&quot;:&quot;bounceIn&quot;}\" data-widget_type=\"heading.default\">\n\t\t\t\t<div class=\"elementor-widget-container\">\n\t\t\t\t\t<h2 class=\"elementor-heading-title elementor-size-default\">Local<\/h2>\t\t\t\t<\/div>\n\t\t\t\t<\/div>\n\t\t\t\t\t<\/div>\n\t\t<\/div>\n\t\t\t\t\t<\/div>\n\t\t<\/section>\n\t\t\t\t<section class=\"elementor-section elementor-top-section elementor-element elementor-element-ef9b5b6 elementor-section-boxed elementor-section-height-default elementor-section-height-default\" data-id=\"ef9b5b6\" data-element_type=\"section\" data-e-type=\"section\">\n\t\t\t\t\t\t<div class=\"elementor-container elementor-column-gap-default\">\n\t\t\t\t\t<div class=\"elementor-column elementor-col-33 elementor-top-column elementor-element elementor-element-8e8c89f\" data-id=\"8e8c89f\" data-element_type=\"column\" data-e-type=\"column\">\n\t\t\t<div class=\"elementor-widget-wrap elementor-element-populated\">\n\t\t\t\t\t\t<div class=\"elementor-element elementor-element-f1b33ca elementor-widget elementor-widget-text-editor\" data-id=\"f1b33ca\" data-element_type=\"widget\" data-e-type=\"widget\" data-widget_type=\"text-editor.default\">\n\t\t\t\t<div class=\"elementor-widget-container\">\n\t\t\t\t\t\t\t\t\t<p><strong>Novotel Sao Paulo Jaragua Conventions<\/strong><br \/>R. Martins Fontes 71, CENTRO <br \/>01050-000\u00a0<span class=\"text-uppercase\">SAO PAULO<\/span> <br \/><span class=\"text-uppercase\">Brasil<br \/><\/span><span class=\"text-uppercase font-weight-semi-bold\"><abbr lang=\"en\" title=\"Global Positioning System\">GPS<\/abbr>:<\/span><span class=\"gps\">-23.548484, -46.642822<\/span><\/p>\n<div id=\"simple-translate\" class=\"simple-translate-system-theme\">\n<div>\n<div class=\"simple-translate-button isShow\" style=\"background-image: url('moz-extension:\/\/e63e5013-a5f0-4237-9fa1-81b159417d8b\/icons\/512.png'); height: 22px; width: 22px; top: 35px; left: 10px;\">\u00a0<\/div>\n<div class=\"simple-translate-panel \" style=\"width: 300px; height: 200px; top: 0px; left: 0px; font-size: 13px;\">\n<div class=\"simple-translate-result-wrapper\" style=\"overflow: hidden;\">\n<div class=\"simple-translate-move\" draggable=\"true\">\u00a0<\/div>\n<div class=\"simple-translate-result-contents\">\n<p class=\"simple-translate-result\" dir=\"auto\">\u00a0<\/p>\n<p class=\"simple-translate-candidate\" dir=\"auto\">\u00a0<\/p>\n<\/div>\n<\/div>\n<\/div>\n<\/div>\n<\/div>\t\t\t\t\t\t\t\t<\/div>\n\t\t\t\t<\/div>\n\t\t\t\t\t<\/div>\n\t\t<\/div>\n\t\t\t\t<div class=\"elementor-column elementor-col-66 elementor-top-column elementor-element elementor-element-a616249\" data-id=\"a616249\" data-element_type=\"column\" data-e-type=\"column\">\n\t\t\t<div class=\"elementor-widget-wrap elementor-element-populated\">\n\t\t\t\t\t\t<div class=\"elementor-element elementor-element-41f753a elementor-widget elementor-widget-google_maps\" data-id=\"41f753a\" data-element_type=\"widget\" data-e-type=\"widget\" data-widget_type=\"google_maps.default\">\n\t\t\t\t<div class=\"elementor-widget-container\">\n\t\t\t\t\t\t\t<div class=\"elementor-custom-embed\">\n\t\t\t<iframe loading=\"lazy\"\n\t\t\t\t\tsrc=\"https:\/\/maps.google.com\/maps?q=%20R.%20Martins%20Fontes%2C%2071%20centro%20s%C3%A3o%20paulo&#038;t=m&#038;z=15&#038;output=embed&#038;iwloc=near\"\n\t\t\t\t\ttitle=\" R. Martins Fontes, 71 centro s\u00e3o paulo\"\n\t\t\t\t\taria-label=\" R. Martins Fontes, 71 centro s\u00e3o paulo\"\n\t\t\t><\/iframe>\n\t\t<\/div>\n\t\t\t\t\t\t<\/div>\n\t\t\t\t<\/div>\n\t\t\t\t\t<\/div>\n\t\t<\/div>\n\t\t\t\t\t<\/div>\n\t\t<\/section>\n\t\t\t\t<section class=\"elementor-section elementor-top-section elementor-element elementor-element-589ab2e elementor-section-boxed elementor-section-height-default elementor-section-height-default\" data-id=\"589ab2e\" data-element_type=\"section\" data-e-type=\"section\">\n\t\t\t\t\t\t<div class=\"elementor-container elementor-column-gap-default\">\n\t\t\t\t\t<div class=\"elementor-column elementor-col-100 elementor-top-column elementor-element elementor-element-bf0059a\" data-id=\"bf0059a\" data-element_type=\"column\" data-e-type=\"column\">\n\t\t\t<div class=\"elementor-widget-wrap elementor-element-populated\">\n\t\t\t\t\t\t<div class=\"elementor-element elementor-element-61f1eb1 elementor-widget elementor-widget-heading\" data-id=\"61f1eb1\" data-element_type=\"widget\" data-e-type=\"widget\" data-widget_type=\"heading.default\">\n\t\t\t\t<div class=\"elementor-widget-container\">\n\t\t\t\t\t<h2 class=\"elementor-heading-title elementor-size-default\"><div><main><div><div><div><div><div data-elementor-type=\"wp-page\" data-elementor-id=\"309\" data-elementor-title=\"P\u00e1gina\"><div><section data-id=\"14910fdd\" data-element_type=\"section\" data-model-cid=\"c32\"><div><div data-id=\"612cde6e\" data-element_type=\"column\" data-col=\"100\" data-model-cid=\"c33\"><div><div data-id=\"3f5f1f34\" data-element_type=\"widget\" data-model-cid=\"c34\" data-widget_type=\"text-editor.default\"><div><div data-elementor-setting-key=\"editor\" data-elementor-inline-editing-toolbar=\"advanced\" data-pen-placeholder=\"Digite aqui...\"><div><div><h3><br>Patrocinadores<\/h3><\/div><\/div><\/div><\/div><\/div><\/div><\/div><\/div><\/section><\/div><\/div><\/div><\/div><\/div><\/div><\/main><\/div><\/h2>\t\t\t\t<\/div>\n\t\t\t\t<\/div>\n\t\t\t\t\t<\/div>\n\t\t<\/div>\n\t\t\t\t\t<\/div>\n\t\t<\/section>\n\t\t\t\t<section class=\"elementor-section elementor-top-section elementor-element elementor-element-8297f45 elementor-section-boxed elementor-section-height-default elementor-section-height-default\" data-id=\"8297f45\" data-element_type=\"section\" data-e-type=\"section\">\n\t\t\t\t\t\t<div class=\"elementor-container elementor-column-gap-default\">\n\t\t\t\t\t<div class=\"elementor-column elementor-col-100 elementor-top-column elementor-element elementor-element-9e65873\" data-id=\"9e65873\" data-element_type=\"column\" data-e-type=\"column\">\n\t\t\t<div class=\"elementor-widget-wrap elementor-element-populated\">\n\t\t\t\t\t\t<div class=\"elementor-element elementor-element-d020cbe elementor-widget elementor-widget-shortcode\" data-id=\"d020cbe\" data-element_type=\"widget\" data-e-type=\"widget\" data-widget_type=\"shortcode.default\">\n\t\t\t\t<div class=\"elementor-widget-container\">\n\t\t\t\t\t\t\t<div class=\"elementor-shortcode\">\n<table id=\"tablepress-9\" class=\"tablepress tablepress-id-9 tbody-has-connected-cells\">\n<tbody>\n<tr class=\"row-1\">\n\t<td colspan=\"3\" class=\"column-1\"><center><strong>X-Wing<\/strong><\/center><\/td>\n<\/tr>\n<tr class=\"row-2\">\n\t<td class=\"column-1\"><center><a href=\"https:\/\/academiadeforensedigital.com.br\" target=\"_blank\" rel=\"noopener\"><img decoding=\"async\" src=\"https:\/\/securitybsides.com.br\/2023\/wp-content\/uploads\/2023\/05\/Logo-AFD-azul.png\" alt=\"\" width=\"300\" height=\"100\" class=\"aligncenter size-full wp-image-798\" \/><\/a><\/center><\/td><td class=\"column-2\"><center><a href=\"https:\/\/www.dfensesecurity.com\/\" target=\"_blank\" rel=\"noopener\"><img fetchpriority=\"high\" decoding=\"async\" src=\"https:\/\/securitybsides.com.br\/2023\/wp-content\/uploads\/2023\/06\/Dfense-logotipo-Vertical-curvas-4cores.jpg\" alt=\"\" width=\"300\" height=\"187\" class=\"aligncenter size-full wp-image-957\" \/><\/a><\/center><br><br \/>\n<center><a href=\"https:\/\/www.logicalit.com.br\/\" target=\"_blank\" rel=\"noopener\"><img decoding=\"async\" src=\"https:\/\/securitybsides.com.br\/2023\/wp-content\/uploads\/2023\/06\/Logo-Logical-IT-300x150-1.png\" alt=\"\" width=\"300\" height=\"187\" class=\"aligncenter size-full wp-image-957\" \/><\/a><\/center><br \/>\n<\/td><td class=\"column-3\"><center><a href=\"https:\/\/hackerrangers.com\/\" target=\"_blank\" rel=\"noopener\"><img loading=\"lazy\" decoding=\"async\" src=\"https:\/\/securitybsides.com.br\/2023\/wp-content\/uploads\/2022\/10\/logotipo_hacker_rangers-e1668134160415.png\" alt=\"\" width=\"300\" height=\"187\" class=\"aligncenter size-full wp-image-431\" \/><\/a><\/center><\/td>\n<\/tr>\n<tr class=\"row-3\">\n\t<td colspan=\"3\" class=\"column-1\"><center><strong>Tie Fighter<\/strong><\/center><\/td>\n<\/tr>\n<tr class=\"row-4\">\n\t<td class=\"column-1\"><center><a href=\"https:\/\/asditec.com.br\/\" target=\"_blank\" rel=\"noopener\"><img loading=\"lazy\" decoding=\"async\" src=\"https:\/\/securitybsides.com.br\/2023\/wp-content\/uploads\/2023\/06\/adistec_logo.jpg\" alt=\"\" width=\"300\" height=\"187\" class=\"aligncenter size-full wp-image-431\" \/><\/a><\/center><\/td><td class=\"column-2\"><\/td><td class=\"column-3\"><center><a href=\"https:\/\/forcepoint.com\/\" target=\"_blank\" rel=\"noopener\"><img loading=\"lazy\" decoding=\"async\" src=\"https:\/\/securitybsides.com.br\/2023\/wp-content\/uploads\/2023\/06\/Forcepoint-Logo-2C-RGB-for-screen.png\" alt=\"\" width=\"300\" height=\"187\" class=\"aligncenter size-full wp-image-431\" \/><\/a><\/center><\/td>\n<\/tr>\n<tr class=\"row-5\">\n\t<td colspan=\"3\" class=\"column-1\"><center><strong>Snowspeeder<\/strong><\/center><\/td>\n<\/tr>\n<tr class=\"row-6\">\n\t<td class=\"column-1\"><\/td><td class=\"column-2\"><\/td><td class=\"column-3\"><\/td>\n<\/tr>\n<tr class=\"row-7\">\n\t<td colspan=\"3\" class=\"column-1\"><center><strong>Apoio<\/strong><\/center><\/td>\n<\/tr>\n<tr class=\"row-8\">\n\t<td class=\"column-1\"><center><a href=\"https:\/\/bxsec.org\/\" target=\"_blank\" rel=\"noopener\"><img loading=\"lazy\" decoding=\"async\" src=\"https:\/\/securitybsides.com.br\/2023\/wp-content\/uploads\/2023\/04\/logo_bxsec.jpg\" alt=\"\" width=\"150\" height=\"161\" class=\"aligncenter size-full wp-image-793\" \/><\/a><\/center><\/td><td class=\"column-2\"><br><center><a href=\"https:\/\/www.linkedin.com\/company\/cybersecuritygirlsbr\" target=\"_blank\" rel=\"noopener\"><img loading=\"lazy\" decoding=\"async\" src=\"https:\/\/securitybsides.com.br\/2023\/wp-content\/uploads\/2022\/11\/csg.png\" alt=\"\" width=\"150\" height=\"74\" class=\"aligncenter size-full wp-image-644\" \/><\/a><\/center><\/td><td class=\"column-3\"><center><a href=\"https:\/\/garoa.net.br\" target=\"_blank\" rel=\"noopener\"><img loading=\"lazy\" decoding=\"async\" src=\"https:\/\/securitybsides.com.br\/2023\/wp-content\/uploads\/2022\/11\/Logo_GaroaHC_verde.png\" alt=\"\" width=\"150\" height=\"211\" class=\"aligncenter size-full wp-image-583\" \/><\/a><\/center><\/td>\n<\/tr>\n<tr class=\"row-9\">\n\t<td class=\"column-1\"><br><center><a href=\"https:\/\/www.hackaflag.com.br\/\" target=\"_blank\" rel=\"noopener\"><img loading=\"lazy\" decoding=\"async\" src=\"https:\/\/securitybsides.com.br\/2023\/wp-content\/uploads\/2023\/06\/logo-red-1.gif\" alt=\"\" width=\"150\" height=\"44\" class=\"aligncenter size-full wp-image-939\" \/><\/a><\/center><\/td><td class=\"column-2\"><center><a href=\"https:\/\/www.hekateinc.com\" target=\"_blank\" rel=\"noopener\"><img loading=\"lazy\" decoding=\"async\" src=\"https:\/\/securitybsides.com.br\/2023\/wp-content\/uploads\/2022\/11\/Hekate.png\" alt=\"\" width=\"150\" height=\"150\" class=\"aligncenter size-full wp-image-585\" \/><\/a><\/center><\/td><td class=\"column-3\"><br><br><center><a href=\"https:\/\/www.hpe.com\" target=\"_blank\" rel=\"noopener\"><img loading=\"lazy\" decoding=\"async\" src=\"https:\/\/securitybsides.com.br\/2023\/wp-content\/uploads\/2023\/05\/logo_hpe.png\" alt=\"\" width=\"200\" height=\"38\" class=\"aligncenter size-full wp-image-820\" \/><\/a><\/center><\/td>\n<\/tr>\n<tr class=\"row-10\">\n\t<td class=\"column-1\"><br><br><center><a href=\"https:\/\/www.imaginarionerd.com.br\/\" target=\"_blank\" rel=\"noopener\"><img loading=\"lazy\" decoding=\"async\" src=\"https:\/\/securitybsides.com.br\/2023\/wp-content\/uploads\/2022\/11\/imaginario.jpeg\" alt=\"\" width=\"150\" height=\"62\" class=\"aligncenter size-full wp-image-632\" \/><\/a><\/center><\/td><td class=\"column-2\"><br><br><center><a href=\"https:\/\/novatec.com.br\/\" target=\"_blank\" rel=\"noopener\"><img loading=\"lazy\" decoding=\"async\" src=\"https:\/\/securitybsides.com.br\/2023\/wp-content\/uploads\/2022\/11\/logo_novatec.gif\" alt=\"\" width=\"150\" height=\"51\" class=\"aligncenter size-full wp-image-584\" \/><\/a><\/center><\/td><td class=\"column-3\"><br><center><img loading=\"lazy\" decoding=\"async\" src=\"https:\/\/securitybsides.com.br\/2023\/wp-content\/uploads\/2023\/06\/somos1-1.jpeg\" alt=\"\" width=\"150\" height=\"164\" class=\"aligncenter size-full wp-image-933\" \/><\/center><\/td>\n<\/tr>\n<tr class=\"row-11\">\n\t<td class=\"column-1\"><br><center><a href=\"https:\/\/wbeduca.com.br\" target=\"_blank\" rel=\"noopener\"><img loading=\"lazy\" decoding=\"async\" src=\"https:\/\/securitybsides.com.br\/2023\/wp-content\/uploads\/2023\/06\/logo-preto-1.jpg\" alt=\"\" width=\"150\" height=\"78\" class=\"aligncenter size-full wp-image-915\" \/><\/a><\/center><\/td><td class=\"column-2\"><br><br><center><a href=\"https:\/\/womcy.org\/pt\/\" target=\"_blank\" rel=\"noopener\"><img loading=\"lazy\" decoding=\"async\" src=\"https:\/\/securitybsides.com.br\/2023\/wp-content\/uploads\/2022\/11\/womcy-e1668134118585.jpg\" alt=\"\" width=\"150\" height=\"50\" class=\"aligncenter size-full wp-image-492\" \/><\/a><\/center><\/td><td class=\"column-3\"><\/td>\n<\/tr>\n<\/tbody>\n<\/table>\n<!-- #tablepress-9 from cache --><\/div>\n\t\t\t\t\t\t<\/div>\n\t\t\t\t<\/div>\n\t\t\t\t\t<\/div>\n\t\t<\/div>\n\t\t\t\t\t<\/div>\n\t\t<\/section>\n\t\t\t\t<\/div>\n\t\t","protected":false},"excerpt":{"rendered":"","protected":false},"author":1,"featured_media":0,"parent":0,"menu_order":0,"comment_status":"closed","ping_status":"closed","template":"","meta":{"neve_meta_sidebar":"default","neve_meta_container":"default","neve_meta_enable_content_width":"on","neve_meta_content_width":100,"neve_meta_title_alignment":"","neve_meta_author_avatar":"","neve_post_elements_order":"","neve_meta_disable_header":"","neve_meta_disable_footer":"","neve_meta_disable_title":"on","footnotes":""},"class_list":["post-309","page","type-page","status-publish","hentry"],"_links":{"self":[{"href":"https:\/\/securitybsides.com.br\/2023\/wp-json\/wp\/v2\/pages\/309","targetHints":{"allow":["GET"]}}],"collection":[{"href":"https:\/\/securitybsides.com.br\/2023\/wp-json\/wp\/v2\/pages"}],"about":[{"href":"https:\/\/securitybsides.com.br\/2023\/wp-json\/wp\/v2\/types\/page"}],"author":[{"embeddable":true,"href":"https:\/\/securitybsides.com.br\/2023\/wp-json\/wp\/v2\/users\/1"}],"replies":[{"embeddable":true,"href":"https:\/\/securitybsides.com.br\/2023\/wp-json\/wp\/v2\/comments?post=309"}],"version-history":[{"count":67,"href":"https:\/\/securitybsides.com.br\/2023\/wp-json\/wp\/v2\/pages\/309\/revisions"}],"predecessor-version":[{"id":903,"href":"https:\/\/securitybsides.com.br\/2023\/wp-json\/wp\/v2\/pages\/309\/revisions\/903"}],"wp:attachment":[{"href":"https:\/\/securitybsides.com.br\/2023\/wp-json\/wp\/v2\/media?parent=309"}],"curies":[{"name":"wp","href":"https:\/\/api.w.org\/{rel}","templated":true}]}}