{"id":802,"date":"2023-05-07T16:43:01","date_gmt":"2023-05-07T19:43:01","guid":{"rendered":"https:\/\/securitybsides.com.br\/2023\/?page_id=802"},"modified":"2023-06-17T00:03:28","modified_gmt":"2023-06-17T03:03:28","slug":"alteracao-da-data-do-evento","status":"publish","type":"page","link":"https:\/\/securitybsides.com.br\/2023\/alteracao-da-data-do-evento\/","title":{"rendered":"Altera\u00e7\u00e3o da data e local do evento"},"content":{"rendered":"\t\t<div data-elementor-type=\"wp-page\" data-elementor-id=\"802\" class=\"elementor elementor-802\">\n\t\t\t\t\t\t<section class=\"elementor-section elementor-top-section elementor-element elementor-element-67b65700 elementor-section-boxed elementor-section-height-default elementor-section-height-default\" data-id=\"67b65700\" data-element_type=\"section\" data-e-type=\"section\">\n\t\t\t\t\t\t<div class=\"elementor-container elementor-column-gap-default\">\n\t\t\t\t\t<div class=\"elementor-column elementor-col-100 elementor-top-column elementor-element elementor-element-170a6f55\" data-id=\"170a6f55\" data-element_type=\"column\" data-e-type=\"column\">\n\t\t\t<div class=\"elementor-widget-wrap elementor-element-populated\">\n\t\t\t\t\t\t<div class=\"elementor-element elementor-element-2b79d8fc elementor-widget elementor-widget-text-editor\" data-id=\"2b79d8fc\" data-element_type=\"widget\" data-e-type=\"widget\" data-widget_type=\"text-editor.default\">\n\t\t\t\t<div class=\"elementor-widget-container\">\n\t\t\t\t\t\t\t\t\t<p><\/p>\n<p><strong>Aviso importante<\/strong><\/p>\n<p><\/p>\n<p><\/p>\n<p>Organizar evento \u00e9 sempre um desafio, conciliar agenda, patrocinio, fornecedores, palestrantes. Infelizmente existem alguns imprevistos, para os quais em alguns casos temos alternativas.<\/p>\n<p><\/p>\n<p><\/p>\n<p>No caso, tinh\u00e1mos um plano B e C, por\u00e9m infelizmente tamb\u00e9m n\u00e3o foi poss\u00edvel execut\u00e1-los.<\/p>\n<p><\/p>\n<p><\/p>\n<p>Diante disso, tivemos um imprevisto incontorn\u00e1vel e tivemos que tomar a decis\u00e3o de <strong>ADIAR<\/strong> a BSidesSP.<\/p>\n<p><\/p>\n<p><\/p>\n<p><strong>A nova data ser\u00e1 nos dias 24 e 25\/06 (\u00faltimo final de semana de junho).<\/strong><\/p>\n<p><\/p>\n<p><\/p>\n<p><span style=\"color: #ff0000;\"><strong>Tamb\u00e9m tivemos que mudar de local, o evento ocorrer\u00e1 no local abaixo:<\/strong><\/span><\/p>\n<p><\/p>\n<p><\/p>\n<div id=\"simple-translate\" class=\"simple-translate-system-theme\">\n<div>\n<div class=\"simple-translate-button isShow\" style=\"background-image: url('moz-extension:\/\/e63e5013-a5f0-4237-9fa1-81b159417d8b\/icons\/512.png'); height: 22px; width: 22px; top: 183px; left: 4px;\">\u00a0<\/div>\n<div class=\"simple-translate-panel \" style=\"width: 300px; height: 200px; top: 0px; left: 0px; font-size: 13px;\">\n<div class=\"simple-translate-result-wrapper\" style=\"overflow: hidden;\">\n<div class=\"simple-translate-move\" draggable=\"true\">\u00a0<\/div>\n<div class=\"simple-translate-result-contents\">\n<p class=\"simple-translate-result\" dir=\"auto\">\u00a0<\/p>\n<p class=\"simple-translate-candidate\" dir=\"auto\">\u00a0<\/p>\n<\/div>\n<\/div>\n<\/div>\n<\/div>\n<\/div>\t\t\t\t\t\t\t\t<\/div>\n\t\t\t\t<\/div>\n\t\t\t\t\t<\/div>\n\t\t<\/div>\n\t\t\t\t\t<\/div>\n\t\t<\/section>\n\t\t\t\t<section class=\"elementor-section elementor-top-section elementor-element elementor-element-d8b3c38 elementor-section-boxed elementor-section-height-default elementor-section-height-default\" data-id=\"d8b3c38\" data-element_type=\"section\" data-e-type=\"section\">\n\t\t\t\t\t\t<div class=\"elementor-container elementor-column-gap-default\">\n\t\t\t\t\t<div class=\"elementor-column elementor-col-33 elementor-top-column elementor-element elementor-element-bf6aaf9\" data-id=\"bf6aaf9\" data-element_type=\"column\" data-e-type=\"column\">\n\t\t\t<div class=\"elementor-widget-wrap elementor-element-populated\">\n\t\t\t\t\t\t<div class=\"elementor-element elementor-element-f99f4a4 elementor-widget elementor-widget-text-editor\" data-id=\"f99f4a4\" data-element_type=\"widget\" data-e-type=\"widget\" data-widget_type=\"text-editor.default\">\n\t\t\t\t<div class=\"elementor-widget-container\">\n\t\t\t\t\t\t\t\t\t<p><strong>Novotel Sao Paulo Jaragua Conventions<\/strong><br \/>R. Martins Fontes 71, CENTRO<br \/>01050-000\u00a0SAO PAULO<br \/>Brasil<br \/>GPS:-23.548484, -46.642822<\/p>\n<div id=\"simple-translate\" class=\"simple-translate-system-theme\">\n<div>\n<div class=\"simple-translate-button isShow\" style=\"background-image: url('moz-extension:\/\/e63e5013-a5f0-4237-9fa1-81b159417d8b\/icons\/512.png'); height: 22px; width: 22px; top: 75px; left: 21px;\">\u00a0<\/div>\n<div class=\"simple-translate-panel \" style=\"width: 300px; height: 200px; top: 0px; left: 0px; font-size: 13px;\">\n<div class=\"simple-translate-result-wrapper\" style=\"overflow: hidden;\">\n<div class=\"simple-translate-move\" draggable=\"true\">\u00a0<\/div>\n<div class=\"simple-translate-result-contents\">\n<p class=\"simple-translate-result\" dir=\"auto\">\u00a0<\/p>\n<p class=\"simple-translate-candidate\" dir=\"auto\">\u00a0<\/p>\n<\/div>\n<\/div>\n<\/div>\n<\/div>\n<\/div>\t\t\t\t\t\t\t\t<\/div>\n\t\t\t\t<\/div>\n\t\t\t\t\t<\/div>\n\t\t<\/div>\n\t\t\t\t<div class=\"elementor-column elementor-col-66 elementor-top-column elementor-element elementor-element-182820f\" data-id=\"182820f\" data-element_type=\"column\" data-e-type=\"column\">\n\t\t\t<div class=\"elementor-widget-wrap elementor-element-populated\">\n\t\t\t\t\t\t<div class=\"elementor-element elementor-element-d94cea4 elementor-widget elementor-widget-google_maps\" data-id=\"d94cea4\" data-element_type=\"widget\" data-e-type=\"widget\" data-widget_type=\"google_maps.default\">\n\t\t\t\t<div class=\"elementor-widget-container\">\n\t\t\t\t\t\t\t<div class=\"elementor-custom-embed\">\n\t\t\t<iframe loading=\"lazy\"\n\t\t\t\t\tsrc=\"https:\/\/maps.google.com\/maps?q=novotel%20jaragu%C3%A1&#038;t=m&#038;z=15&#038;output=embed&#038;iwloc=near\"\n\t\t\t\t\ttitle=\"novotel jaragu\u00e1\"\n\t\t\t\t\taria-label=\"novotel jaragu\u00e1\"\n\t\t\t><\/iframe>\n\t\t<\/div>\n\t\t\t\t\t\t<\/div>\n\t\t\t\t<\/div>\n\t\t\t\t\t<\/div>\n\t\t<\/div>\n\t\t\t\t\t<\/div>\n\t\t<\/section>\n\t\t\t\t<section class=\"elementor-section elementor-top-section elementor-element elementor-element-a6ff2fb elementor-section-boxed elementor-section-height-default elementor-section-height-default\" data-id=\"a6ff2fb\" data-element_type=\"section\" data-e-type=\"section\">\n\t\t\t\t\t\t<div class=\"elementor-container elementor-column-gap-default\">\n\t\t\t\t\t<div class=\"elementor-column elementor-col-100 elementor-top-column elementor-element elementor-element-b7e026c\" data-id=\"b7e026c\" data-element_type=\"column\" data-e-type=\"column\">\n\t\t\t<div class=\"elementor-widget-wrap\">\n\t\t\t\t\t\t\t<\/div>\n\t\t<\/div>\n\t\t\t\t\t<\/div>\n\t\t<\/section>\n\t\t\t\t<section class=\"elementor-section elementor-top-section elementor-element elementor-element-1f6a7ab elementor-section-boxed elementor-section-height-default elementor-section-height-default\" data-id=\"1f6a7ab\" data-element_type=\"section\" data-e-type=\"section\">\n\t\t\t\t\t\t<div class=\"elementor-container elementor-column-gap-default\">\n\t\t\t\t\t<div class=\"elementor-column elementor-col-100 elementor-top-column elementor-element elementor-element-235e4bb\" data-id=\"235e4bb\" data-element_type=\"column\" data-e-type=\"column\">\n\t\t\t<div class=\"elementor-widget-wrap elementor-element-populated\">\n\t\t\t\t\t\t<div class=\"elementor-element elementor-element-1fdd344 elementor-widget elementor-widget-text-editor\" data-id=\"1fdd344\" data-element_type=\"widget\" data-e-type=\"widget\" data-widget_type=\"text-editor.default\">\n\t\t\t\t<div class=\"elementor-widget-container\">\n\t\t\t\t\t\t\t\t\t<figure>Lamentamos qualquer inconveniente que essa mudan\u00e7a possa causar.<\/figure>\n<p><\/p>\n<p><\/p>\n<p>Atenciosamente<\/p>\n<p><\/p>\n<p><\/p>\n<p>Organiza\u00e7\u00e3o Security BSides SP<\/p>\n<div id=\"simple-translate\" class=\"simple-translate-system-theme\">\n<div>\n<div class=\"simple-translate-button isShow\" style=\"background-image: url('moz-extension:\/\/e63e5013-a5f0-4237-9fa1-81b159417d8b\/icons\/512.png'); height: 22px; width: 22px; top: 26px; left: -11px;\">\u00a0<\/div>\n<div class=\"simple-translate-panel \" style=\"width: 300px; height: 200px; top: 0px; left: 0px; font-size: 13px;\">\n<div class=\"simple-translate-result-wrapper\" style=\"overflow: hidden;\">\n<div class=\"simple-translate-move\" draggable=\"true\">\u00a0<\/div>\n<div class=\"simple-translate-result-contents\">\n<p class=\"simple-translate-result\" dir=\"auto\">\u00a0<\/p>\n<p class=\"simple-translate-candidate\" dir=\"auto\">\u00a0<\/p>\n<\/div>\n<\/div>\n<\/div>\n<\/div>\n<\/div>\t\t\t\t\t\t\t\t<\/div>\n\t\t\t\t<\/div>\n\t\t\t\t\t<\/div>\n\t\t<\/div>\n\t\t\t\t\t<\/div>\n\t\t<\/section>\n\t\t\t\t<\/div>\n\t\t","protected":false},"excerpt":{"rendered":"<p>Aviso importante Organizar evento \u00e9 sempre um desafio, conciliar agenda, patrocinio, fornecedores, palestrantes. Infelizmente existem alguns imprevistos, para os quais em alguns casos temos alternativas. No caso, tinh\u00e1mos um plano B e C, por\u00e9m infelizmente tamb\u00e9m n\u00e3o foi poss\u00edvel execut\u00e1-los. Diante disso, tivemos um imprevisto incontorn\u00e1vel e tivemos que tomar a decis\u00e3o de ADIAR a&hellip;&nbsp;<a href=\"https:\/\/securitybsides.com.br\/2023\/alteracao-da-data-do-evento\/\" rel=\"bookmark\">Continue a ler &raquo;<span class=\"screen-reader-text\">Altera\u00e7\u00e3o da data e local do evento<\/span><\/a><\/p>\n","protected":false},"author":1,"featured_media":0,"parent":0,"menu_order":0,"comment_status":"closed","ping_status":"closed","template":"","meta":{"neve_meta_sidebar":"","neve_meta_container":"","neve_meta_enable_content_width":"","neve_meta_content_width":0,"neve_meta_title_alignment":"","neve_meta_author_avatar":"","neve_post_elements_order":"","neve_meta_disable_header":"","neve_meta_disable_footer":"","neve_meta_disable_title":"","footnotes":""},"class_list":["post-802","page","type-page","status-publish","hentry"],"_links":{"self":[{"href":"https:\/\/securitybsides.com.br\/2023\/wp-json\/wp\/v2\/pages\/802","targetHints":{"allow":["GET"]}}],"collection":[{"href":"https:\/\/securitybsides.com.br\/2023\/wp-json\/wp\/v2\/pages"}],"about":[{"href":"https:\/\/securitybsides.com.br\/2023\/wp-json\/wp\/v2\/types\/page"}],"author":[{"embeddable":true,"href":"https:\/\/securitybsides.com.br\/2023\/wp-json\/wp\/v2\/users\/1"}],"replies":[{"embeddable":true,"href":"https:\/\/securitybsides.com.br\/2023\/wp-json\/wp\/v2\/comments?post=802"}],"version-history":[{"count":9,"href":"https:\/\/securitybsides.com.br\/2023\/wp-json\/wp\/v2\/pages\/802\/revisions"}],"predecessor-version":[{"id":911,"href":"https:\/\/securitybsides.com.br\/2023\/wp-json\/wp\/v2\/pages\/802\/revisions\/911"}],"wp:attachment":[{"href":"https:\/\/securitybsides.com.br\/2023\/wp-json\/wp\/v2\/media?parent=802"}],"curies":[{"name":"wp","href":"https:\/\/api.w.org\/{rel}","templated":true}]}}