{"id":24,"date":"2022-10-08T23:55:08","date_gmt":"2022-10-09T02:55:08","guid":{"rendered":"https:\/\/securitybsides.com.br\/2022\/?page_id=24"},"modified":"2022-10-09T22:39:19","modified_gmt":"2022-10-10T01:39:19","slug":"sobre","status":"publish","type":"page","link":"https:\/\/securitybsides.com.br\/2024\/sobre\/","title":{"rendered":"Sobre"},"content":{"rendered":"\n<p><strong>Um evento Global<\/strong><br>A BSidesSP \u00e9 inspirada no modelo das confer\u00eancias \u201cSecurity BSides\u201d existentes em v\u00e1rios pa\u00edses. <\/p>\n\n\n\n<p>Elas surgiram nos EUA em 2009 como apoio a um evento relevante da \u00e1rea, incentivando a integra\u00e7\u00e3o entre os participantes e o fomento \u00e0 comunidade local, em um ambiente informal.<\/p>\n\n\n\n<p><strong>Sobre a \u201cSecurity BSides S\u00e3o Paulo\u201d<\/strong><br>A Confer\u00eancia Security BSides S\u00e3o Paulo (BSidesSP) \u00e9 um evento gratuito organizado pela comunidade de seguran\u00e7a da informa\u00e7\u00e3o. <\/p>\n\n\n\n<p>Seu principal objetivo \u00e9 fomentar a inova\u00e7\u00e3o, a discuss\u00e3o e a troca de conhecimento sobre seguran\u00e7a da informa\u00e7\u00e3o e sobre os aspectos positivos da cultura hacker, apoiando o crescimento do mercado.<\/p>\n\n\n\n<p>Acreditamos que representamos uma excelente oportunidade para a ind\u00fastria e fabricantes interagirem com especialistas em seguran\u00e7a, compartilhando sua expertise com um p\u00fablico disposto a buscar conhecimento e inova\u00e7\u00e3o cont\u00ednua.<\/p>\n\n\n\n<p><strong>P\u00fablico-alvo<\/strong><br>A BSidesSP \u00e9 uma confer\u00eancia t\u00e9cnica, com um p\u00fablico misto de profissionais, entusiastas e estudantes de tecnologia e seguran\u00e7a da informa\u00e7\u00e3o. <\/p>\n\n\n\n<p>Est\u00e3o presentes gestores, Security Officers, desenvolvedores de sistemas, pesquisadores em Seguran\u00e7a, estudantes e acad\u00eamicos.<\/p>\n\n\n\n<p>Desde seu surgimento, a BSidesSP atraiu mais de 5.000 participantes em 16 edi\u00e7\u00f5es. 59% dos inscritos trabalham na \u00e1rea de seguran\u00e7a. A m\u00e9dia de idade \u00e9 de 27,9 anos, variando entre 13 e 52 anos.<\/p>\n\n\n\n<p><strong>A Security BSides em N\u00fameros<\/strong><br>At\u00e9 Agosto de 2022 as confer\u00eancias Security BSides alcan\u00e7aram mais de 750 edi\u00e7\u00f5es em 205 cidades espalhadas por 60 pa\u00edses, incluindo os EUA, Alemanha, Inglaterra, Portugal, \u00c1frica do Sul, Austr\u00e1lia e Chile.<\/p>\n\n\n\n<p>No Brasil, a BSidesSP surgiu em Maio de 2011 e foi a pioneira em toda a Am\u00e9rica Latina, realizando de duas a tr\u00eas edi\u00e7\u00f5es por ano. Em Junho de 2016 realizamos a primeira BSides Latam, atraindo os organizadores das confer\u00eancias BSides em toda a Am\u00e9rica Latina.<\/p>\n\n\n\n<p><\/p>\n","protected":false},"excerpt":{"rendered":"<p>Um evento GlobalA BSidesSP \u00e9 inspirada no modelo das confer\u00eancias \u201cSecurity BSides\u201d existentes em v\u00e1rios pa\u00edses. Elas surgiram nos EUA em 2009 como apoio a um evento relevante da \u00e1rea, incentivando a integra\u00e7\u00e3o entre os participantes e o fomento \u00e0 comunidade local, em um ambiente informal. Sobre a \u201cSecurity BSides S\u00e3o Paulo\u201dA Confer\u00eancia Security BSides&hellip;&nbsp;<a href=\"https:\/\/securitybsides.com.br\/2024\/sobre\/\" rel=\"bookmark\">Continue a ler &raquo;<span class=\"screen-reader-text\">Sobre<\/span><\/a><\/p>\n","protected":false},"author":1,"featured_media":0,"parent":0,"menu_order":0,"comment_status":"closed","ping_status":"closed","template":"","meta":{"neve_meta_sidebar":"","neve_meta_container":"","neve_meta_enable_content_width":"","neve_meta_content_width":0,"neve_meta_title_alignment":"","neve_meta_author_avatar":"","neve_post_elements_order":"","neve_meta_disable_header":"","neve_meta_disable_footer":"","neve_meta_disable_title":"","footnotes":""},"class_list":["post-24","page","type-page","status-publish","hentry"],"_links":{"self":[{"href":"https:\/\/securitybsides.com.br\/2024\/wp-json\/wp\/v2\/pages\/24","targetHints":{"allow":["GET"]}}],"collection":[{"href":"https:\/\/securitybsides.com.br\/2024\/wp-json\/wp\/v2\/pages"}],"about":[{"href":"https:\/\/securitybsides.com.br\/2024\/wp-json\/wp\/v2\/types\/page"}],"author":[{"embeddable":true,"href":"https:\/\/securitybsides.com.br\/2024\/wp-json\/wp\/v2\/users\/1"}],"replies":[{"embeddable":true,"href":"https:\/\/securitybsides.com.br\/2024\/wp-json\/wp\/v2\/comments?post=24"}],"version-history":[{"count":2,"href":"https:\/\/securitybsides.com.br\/2024\/wp-json\/wp\/v2\/pages\/24\/revisions"}],"predecessor-version":[{"id":379,"href":"https:\/\/securitybsides.com.br\/2024\/wp-json\/wp\/v2\/pages\/24\/revisions\/379"}],"wp:attachment":[{"href":"https:\/\/securitybsides.com.br\/2024\/wp-json\/wp\/v2\/media?parent=24"}],"curies":[{"name":"wp","href":"https:\/\/api.w.org\/{rel}","templated":true}]}}